{"id":785,"date":"2018-08-31T17:12:14","date_gmt":"2018-08-31T20:12:14","guid":{"rendered":"https:\/\/iestv-tuc.infd.edu.ar\/sitio\/carreras\/"},"modified":"2025-08-27T21:20:17","modified_gmt":"2025-08-28T00:20:17","slug":"carreras","status":"publish","type":"page","link":"https:\/\/iestv-tuc.infd.edu.ar\/sitio\/carreras\/","title":{"rendered":"CARRERAS"},"content":{"rendered":"\n<style> \n.card { width: 100%; display: flex; justify-content: space-between; align-items: flex-start; height:250px; border: 1px solid #ccc; border-radius: 8px; background-color: #fff; box-sizing: border-box; position: relative; z-index: 0; transition: transform 0.3s ease, box-shadow 0.3s ease; transform-origin: center; overflow: visible; } .card:hover { box-shadow: inset 0 0px 16px rgba(0, 0, 0, 0.2); } .card img { width: 100%; height: 100%; object-fit: cover; display: block; } .card-content { width: 65%; height: 100%; padding: 10px; display: flex; flex-direction: column; justify-content: flex-start; box-sizing: border-box; overflow: hidden; } .card-content h3 { margin: 0 0 10px; font-size: 1.6em; white-space: nowrap; overflow: hidden; text-overflow: ellipsis; } .card-content p { margin: 0; font-size: 0.95em; line-height: 1.4em; overflow: hidden; text-overflow: ellipsis; } .card-button { width: 10%; height: 100%; display: flex; justify-content:center; align-items: center; background-color: white; color: #007bff; text-decoration: none; text-align: center; font-weight: bold; white-space: nowrap; border-left:1px solid rgb(0,0,0,0.4); } .card-button:hover{ color:white; background-color: #007bff; border-left:none; } \n\n@media (max-width: 768px) {\n    .card {\n      flex-direction: column;\n      height: auto;\n      padding: 15px;\n    }\n\n    .card > div,\n    .card-content,\n    .card-button {\n      width: 100% !important;\n      height: auto !important;\n    }\n\n    .card img {\n      width: 100%;\n      height: auto;\n      max-height: 200px;\n      object-fit: cover;\n    }\n\n    .card-content {\n      padding: 10px;\n      overflow: visible;\n    }\n\n    .card-content h3 {\n      font-size: 1.4em;\n      white-space: normal;\n    }\n\n    .card-content p {\n      white-space: normal;\n      overflow: visible;\n      text-overflow: unset;\n    }\n\n    .card-button {\n      margin-top: 10px;\n      justify-content: center;\n      border-left: none;\n    }\n\n    .card-button:hover {\n      background-color: #007bff;\n      color: white;\n    }\n  }\n<\/style> \n<div class=\"card\"> <div style=\"width: 20%; height: 100%;\"> <img decoding=\"async\" src=\"https:\/\/www.ismedioambiente.com\/wp-content\/uploads\/2023\/01\/Gestion-Ambiental-en-la-empresa-scaled.jpg\" alt=\"Imagen ilustrativa\"> <\/div> <div class=\"card-content\"> <h3>Tecnicatura Superior en Gesti\u00f3n Ambiental<\/h3> <p>Forma profesionales capaces de diagnosticar, planificar y aplicar soluciones sostenibles frente a los desaf\u00edos ecol\u00f3gicos actuales. Promueve pr\u00e1cticas responsables en sectores p\u00fablicos y privados, contribuyendo a comunidades m\u00e1s resilientes y comprometidas con el entorno.<\/p> <\/div> <a class=\"card-button\" href=\"https:\/\/iestv-tuc.infd.edu.ar\/sitio\/tecnicatura-superior-en-gestion-ambiental\/\">Ir<\/a> <\/div>\n\n\n\n<p><\/p>\n\n\n\n<style>\n  .card {\n    width: 100%;\n    display: flex;\n    justify-content: space-between;\n    align-items: flex-start;\n    height: 250px;\n    border: 1px solid #ccc;\n    border-radius: 8px;\n    background-color: #fff;\n    box-sizing: border-box;\n    position: relative;\n    z-index: 0;\n    transition: transform 0.3s ease, box-shadow 0.3s ease;\n    transform-origin: center;\n    overflow: visible;\n  }\n\n  .card:hover {\n    box-shadow: inset 0 0px 16px rgba(0, 0, 0, 0.2);\n  }\n\n  .card img {\n    width: 100%;\n    height: 100%;\n    object-fit: cover;\n    display: block;\n  }\n\n  .card-content {\n    width: 65%;\n    height: 100%;\n    padding: 10px;\n    display: flex;\n    flex-direction: column;\n    justify-content: flex-start;\n    box-sizing: border-box;\n    overflow: hidden;\n  }\n\n  .card-content h3 {\n    margin: 0 0 10px;\n    font-size: 1.6em;\n    white-space: nowrap;\n    overflow: hidden;\n    text-overflow: ellipsis;\n  }\n\n  .card-content p {\n    margin: 0;\n    font-size: 0.95em;\n    line-height: 1.4em;\n    overflow: hidden;\n    text-overflow: ellipsis;\n  }\n\n  .card-button {\n    width: 10%;\n    height: 100%;\n    display: flex;\n    justify-content: center;\n    align-items: center;\n    background-color: white;\n    color: #007bff;\n    text-decoration: none;\n    text-align: center;\n    font-weight: bold;\n    white-space: nowrap;\n    border-left: 1px solid rgba(0, 0, 0, 0.4);\n  }\n\n  .card-button:hover {\n    color: white;\n    background-color: #007bff;\n    border-left: none;\n  }\n@media (max-width: 768px) {\n    .card {\n      flex-direction: column;\n      height: auto;\n      padding: 15px;\n    }\n\n    .card > div,\n    .card-content,\n    .card-button {\n      width: 100% !important;\n      height: auto !important;\n    }\n\n    .card img {\n      width: 100%;\n      height: auto;\n      max-height: 200px;\n      object-fit: cover;\n    }\n\n    .card-content {\n      padding: 10px;\n      overflow: visible;\n    }\n\n    .card-content h3 {\n      font-size: 1.4em;\n      white-space: normal;\n    }\n\n    .card-content p {\n      white-space: normal;\n      overflow: visible;\n      text-overflow: unset;\n    }\n\n    .card-button {\n      margin-top: 10px;\n      justify-content: center;\n      border-left: none;\n    }\n\n    .card-button:hover {\n      background-color: #007bff;\n      color: white;\n    }\n  }\n<\/style>\n\n<div class=\"card\">\n  <div style=\"width: 20%; height: 100%;\">\n    <img decoding=\"async\" src=\"https:\/\/ina.edu.ar\/wp-content\/uploads\/2025\/01\/desarrollo-de-software.jpg\" alt=\"Imagen ilustrativa\">\n  <\/div>\n  <div class=\"card-content\">\n    <h3>Tecnicatura Superior en Desarrollo de Software<\/h3>\n    <p>Forma profesionales capaces de dise\u00f1ar, construir y mantener soluciones inform\u00e1ticas eficientes, seguras y escalables. A trav\u00e9s de una formaci\u00f3n pr\u00e1ctica e interdisciplinaria, el egresado domina lenguajes de programaci\u00f3n, bases de datos, arquitectura de sistemas y metodolog\u00edas \u00e1giles, prepar\u00e1ndose para responder a las demandas reales del sector tecnol\u00f3gico.<\/p>\n  <\/div>\n  <a class=\"card-button\" href=\"https:\/\/iestv-tuc.infd.edu.ar\/sitio\/tecnicatura-sup-en-desarrollo-de-software\/\">Ir<\/a>\n<\/div>\n\n\n\n\n<p><\/p>\n\n\n\n<style>\n  .card {\n    width: 100%;\n    display: flex;\n    justify-content: space-between;\n    align-items: flex-start;\n    height: 250px;\n    border: 1px solid #ccc;\n    border-radius: 8px;\n    background-color: #fff;\n    box-sizing: border-box;\n    position: relative;\n    z-index: 0;\n    transition: transform 0.3s ease, box-shadow 0.3s ease;\n    transform-origin: center;\n    overflow: visible;\n  }\n\n  .card:hover {\n    box-shadow: inset 0 0px 16px rgba(0, 0, 0, 0.2);\n  }\n\n  .card img {\n    width: 100%;\n    height: 100%;\n    object-fit: cover;\n    display: block;\n  }\n\n  .card-content {\n    width: 65%;\n    height: 100%;\n    padding: 10px;\n    display: flex;\n    flex-direction: column;\n    justify-content: flex-start;\n    box-sizing: border-box;\n    overflow: hidden;\n  }\n\n  .card-content h3 {\n    margin: 0 0 10px;\n    font-size: 1.6em;\n    white-space: nowrap;\n    overflow: hidden;\n    text-overflow: ellipsis;\n  }\n\n  .card-content p {\n    margin: 0;\n    font-size: 0.95em;\n    line-height: 1.4em;\n    overflow: hidden;\n    text-overflow: ellipsis;\n  }\n\n  .card-button {\n    width: 10%;\n    height: 100%;\n    display: flex;\n    justify-content: center;\n    align-items: center;\n    background-color: white;\n    color: #007bff;\n    text-decoration: none;\n    text-align: center;\n    font-weight: bold;\n    white-space: nowrap;\n    border-left: 1px solid rgba(0, 0, 0, 0.4);\n  }\n\n  .card-button:hover {\n    color: white;\n    background-color: #007bff;\n    border-left: none;\n  }\n@media (max-width: 768px) {\n    .card {\n      flex-direction: column;\n      height: auto;\n      padding: 15px;\n    }\n\n    .card > div,\n    .card-content,\n    .card-button {\n      width: 100% !important;\n      height: auto !important;\n    }\n\n    .card img {\n      width: 100%;\n      height: auto;\n      max-height: 200px;\n      object-fit: cover;\n    }\n\n    .card-content {\n      padding: 10px;\n      overflow: visible;\n    }\n\n    .card-content h3 {\n      font-size: 1.4em;\n      white-space: normal;\n    }\n\n    .card-content p {\n      white-space: normal;\n      overflow: visible;\n      text-overflow: unset;\n    }\n\n    .card-button {\n      margin-top: 10px;\n      justify-content: center;\n      border-left: none;\n    }\n\n    .card-button:hover {\n      background-color: #007bff;\n      color: white;\n    }\n  }\n<\/style>\n\n<div class=\"card\">\n  <div style=\"width: 20%; height: 100%;\">\n    <img decoding=\"async\" src=\"https:\/\/i.pinimg.com\/736x\/a2\/72\/a1\/a272a14f1978b675b24379da0d3247f9.jpg\" alt=\"Profesorado de Educaci\u00f3n Primaria\">\n  <\/div>\n  <div class=\"card-content\">\n    <h3>Profesorado de Educaci\u00f3n Primaria<\/h3>\n    <p>Forma docentes comprometidos con el desarrollo integral de ni\u00f1as y ni\u00f1os, capaces de crear entornos de aprendizaje inclusivos, creativos y significativos. La carrera combina formaci\u00f3n pedag\u00f3gica, pr\u00e1ctica docente y reflexi\u00f3n cr\u00edtica, preparando profesionales que acompa\u00f1an con vocaci\u00f3n y sensibilidad los primeros a\u00f1os de la educaci\u00f3n formal.<\/p>\n  <\/div>\n  <a class=\"card-button\" href=\"https:\/\/iestv-tuc.infd.edu.ar\/sitio\/profesorado-de-educacion-primaria\/\">Ir<\/a>\n<\/div>\n\n\n\n\n<p><\/p>\n\n\n\n<style>\n  .card {\n    width: 100%;\n    display: flex;\n    justify-content: space-between;\n    align-items: flex-start;\n    height: 250px;\n    border: 1px solid #ccc;\n    border-radius: 8px;\n    background-color: #fff;\n    box-sizing: border-box;\n    position: relative;\n    z-index: 0;\n    transition: transform 0.3s ease, box-shadow 0.3s ease;\n    transform-origin: center;\n    overflow: visible;\n  }\n\n  .card:hover {\n    box-shadow: inset 0 0px 16px rgba(0, 0, 0, 0.2);\n  }\n\n  .card img {\n    width: 100%;\n    height: 100%;\n    object-fit: cover;\n    display: block;\n  }\n\n  .card-content {\n    width: 65%;\n    height: 100%;\n    padding: 10px;\n    display: flex;\n    flex-direction: column;\n    justify-content: flex-start;\n    box-sizing: border-box;\n    overflow: hidden;\n  }\n\n  .card-content h3 {\n    margin: 0 0 10px;\n    font-size: 1.6em;\n    white-space: nowrap;\n    overflow: hidden;\n    text-overflow: ellipsis;\n  }\n\n  .card-content p {\n    margin: 0;\n    font-size: 0.95em;\n    line-height: 1.4em;\n    overflow: hidden;\n    text-overflow: ellipsis;\n  }\n\n  .card-button {\n    width: 10%;\n    height: 100%;\n    display: flex;\n    justify-content: center;\n    align-items: center;\n    background-color: white;\n    color: #007bff;\n    text-decoration: none;\n    text-align: center;\n    font-weight: bold;\n    white-space: nowrap;\n    border-left: 1px solid rgba(0, 0, 0, 0.4);\n  }\n\n  .card-button:hover {\n    color: white;\n    background-color: #007bff;\n    border-left: none;\n  }\n@media (max-width: 768px) {\n    .card {\n      flex-direction: column;\n      height: auto;\n      padding: 15px;\n    }\n\n    .card > div,\n    .card-content,\n    .card-button {\n      width: 100% !important;\n      height: auto !important;\n    }\n\n    .card img {\n      width: 100%;\n      height: auto;\n      max-height: 200px;\n      object-fit: cover;\n    }\n\n    .card-content {\n      padding: 10px;\n      overflow: visible;\n    }\n\n    .card-content h3 {\n      font-size: 1.4em;\n      white-space: normal;\n    }\n\n    .card-content p {\n      white-space: normal;\n      overflow: visible;\n      text-overflow: unset;\n    }\n\n    .card-button {\n      margin-top: 10px;\n      justify-content: center;\n      border-left: none;\n    }\n\n    .card-button:hover {\n      background-color: #007bff;\n      color: white;\n    }\n  }\n<\/style>\n\n<div class=\"card\">\n  <div style=\"width: 20%; height: 100%;\">\n    <img decoding=\"async\" src=\"https:\/\/iestv-tuc.infd.edu.ar\/sitio\/wp-content\/uploads\/2025\/07\/inicial.jpg\" alt=\"Profesorado de Educaci\u00f3n Inicial\">\n  <\/div>\n  <div class=\"card-content\">\n    <h3>Profesorado de Educaci\u00f3n Inicial<\/h3>\n    <p>Prepara docentes con sensibilidad, creatividad y compromiso para acompa\u00f1ar el desarrollo integral de ni\u00f1as y ni\u00f1os en sus primeros a\u00f1os. La formaci\u00f3n combina teor\u00eda, pr\u00e1ctica y expresi\u00f3n art\u00edstica, promoviendo entornos educativos afectivos, inclusivos y estimulantes que respetan las singularidades de cada infancia.<\/p>\n  <\/div>\n  <a class=\"card-button\" href=\"https:\/\/iestv-tuc.infd.edu.ar\/sitio\/profesorado-de-educacion-inicial\/\">Ir<\/a>\n<\/div>\n\n\n\n\n<p><\/p>\n\n\n\n<style>\n  .card {\n    width: 100%;\n    display: flex;\n    justify-content: space-between;\n    align-items: flex-start;\n    height: 250px;\n    border: 1px solid #ccc;\n    border-radius: 8px;\n    background-color: #fff;\n    box-sizing: border-box;\n    position: relative;\n    z-index: 0;\n    transition: transform 0.3s ease, box-shadow 0.3s ease;\n    transform-origin: center;\n    overflow: visible;\n  }\n\n  .card:hover {\n    box-shadow: inset 0 0px 16px rgba(0, 0, 0, 0.2);\n  }\n\n  .card img {\n    width: 100%;\n    height: 100%;\n    object-fit: cover;\n    display: block;\n  }\n\n  .card-content {\n    width: 65%;\n    height: 100%;\n    padding: 10px;\n    display: flex;\n    flex-direction: column;\n    justify-content: flex-start;\n    box-sizing: border-box;\n    overflow: hidden;\n  }\n\n  .card-content h3 {\n    margin: 0 0 10px;\n    font-size: 1.6em;\n    white-space: nowrap;\n    overflow: hidden;\n    text-overflow: ellipsis;\n  }\n\n  .card-content p {\n    margin: 0;\n    font-size: 0.95em;\n    line-height: 1.4em;\n    overflow: hidden;\n    text-overflow: ellipsis;\n  }\n\n  .card-button {\n    width: 10%;\n    height: 100%;\n    display: flex;\n    justify-content: center;\n    align-items: center;\n    background-color: white;\n    color: #007bff;\n    text-decoration: none;\n    text-align: center;\n    font-weight: bold;\n    white-space: nowrap;\n    border-left: 1px solid rgba(0, 0, 0, 0.4);\n  }\n\n  .card-button:hover {\n    color: white;\n    background-color: #007bff;\n    border-left: none;\n  }\n@media (max-width: 768px) {\n    .card {\n      flex-direction: column;\n      height: auto;\n      padding: 15px;\n    }\n\n    .card > div,\n    .card-content,\n    .card-button {\n      width: 100% !important;\n      height: auto !important;\n    }\n\n    .card img {\n      width: 100%;\n      height: auto;\n      max-height: 200px;\n      object-fit: cover;\n    }\n\n    .card-content {\n      padding: 10px;\n      overflow: visible;\n    }\n\n    .card-content h3 {\n      font-size: 1.4em;\n      white-space: normal;\n    }\n\n    .card-content p {\n      white-space: normal;\n      overflow: visible;\n      text-overflow: unset;\n    }\n\n    .card-button {\n      margin-top: 10px;\n      justify-content: center;\n      border-left: none;\n    }\n\n    .card-button:hover {\n      background-color: #007bff;\n      color: white;\n    }\n  }\n<\/style>\n\n<div class=\"card\">\n  <div style=\"width: 20%; height: 100%;\">\n    <img decoding=\"async\" src=\"https:\/\/iestv-tuc.infd.edu.ar\/sitio\/wp-content\/uploads\/2025\/07\/prof-fisica.jpg\" alt=\"Profesorado de Educaci\u00f3n Secundaria en F\u00edsica\">\n  <\/div>\n  <div class=\"card-content\">\n    <h3>Profesorado de Educaci\u00f3n Secundaria en F\u00edsica<\/h3>\n    <p>Forma docentes con s\u00f3lida preparaci\u00f3n cient\u00edfica y pedag\u00f3gica para ense\u00f1ar F\u00edsica en el nivel medio. La carrera integra conocimientos te\u00f3ricos, experimentaci\u00f3n en laboratorio y pr\u00e1cticas educativas, promoviendo una ense\u00f1anza cr\u00edtica, contextualizada y comprometida con el desarrollo del pensamiento cient\u00edfico en adolescentes.<\/p>\n  <\/div>\n  <a class=\"card-button\" href=\"https:\/\/iestv-tuc.infd.edu.ar\/sitio\/profesorado-de-educacion-secundaria-en-fisica\/\">Ir<\/a>\n<\/div>\n\n","protected":false},"excerpt":{"rendered":"<p>Tecnicatura Superior en Gesti\u00f3n Ambiental Forma profesionales capaces de diagnosticar, planificar y aplicar soluciones sostenibles frente a los desaf\u00edos ecol\u00f3gicos actuales. Promueve pr\u00e1cticas responsables en sectores p\u00fablicos y privados, contribuyendo a comunidades m\u00e1s resilientes y comprometidas con el entorno. Ir Tecnicatura Superior en Desarrollo de Software Forma profesionales capaces de dise\u00f1ar, construir y mantener soluciones &#8230; <a title=\"CARRERAS\" class=\"read-more\" href=\"https:\/\/iestv-tuc.infd.edu.ar\/sitio\/carreras\/\" aria-label=\"More on CARRERAS\">[+]<\/a><\/p>\n","protected":false},"author":34,"featured_media":0,"parent":0,"menu_order":0,"comment_status":"closed","ping_status":"closed","template":"","meta":[],"acf":[],"_links":{"self":[{"href":"https:\/\/iestv-tuc.infd.edu.ar\/sitio\/wp-json\/wp\/v2\/pages\/785"}],"collection":[{"href":"https:\/\/iestv-tuc.infd.edu.ar\/sitio\/wp-json\/wp\/v2\/pages"}],"about":[{"href":"https:\/\/iestv-tuc.infd.edu.ar\/sitio\/wp-json\/wp\/v2\/types\/page"}],"author":[{"embeddable":true,"href":"https:\/\/iestv-tuc.infd.edu.ar\/sitio\/wp-json\/wp\/v2\/users\/34"}],"replies":[{"embeddable":true,"href":"https:\/\/iestv-tuc.infd.edu.ar\/sitio\/wp-json\/wp\/v2\/comments?post=785"}],"version-history":[{"count":8,"href":"https:\/\/iestv-tuc.infd.edu.ar\/sitio\/wp-json\/wp\/v2\/pages\/785\/revisions"}],"predecessor-version":[{"id":2043,"href":"https:\/\/iestv-tuc.infd.edu.ar\/sitio\/wp-json\/wp\/v2\/pages\/785\/revisions\/2043"}],"wp:attachment":[{"href":"https:\/\/iestv-tuc.infd.edu.ar\/sitio\/wp-json\/wp\/v2\/media?parent=785"}],"curies":[{"name":"wp","href":"https:\/\/api.w.org\/{rel}","templated":true}]}}